1
Let r(i) be the first derivative of -i**2/2 + 11*i - 3. Suppose 3*n + 11 = 4*x - 0*n, 0 = -2*x - 2*n + 2. Suppose g + 5 = x*g. Determine r(g).
6
Let n(j) = 2*j - 6. Let s(f) = -1. Let d(k) = n(k) - s(k). What is d(4)?
3
Let j = 0 + -1. Let c be -2*1/(6/(-9)). Let k(x) = -x**2 - 3*x + 1. Let g(a) = 2*a**2 + 7*a - 2. Let t(s) = c*g(s) + 7*k(s). What is t(j)?
0
Let z(a) = -2*a - 1. Suppose -4*m - c = -0*c + 32, 4*c = 3*m + 24. Suppose -3*l - 15 = -2*b - 51, 3*l + 4*b = 18. Let r be l/4 - 4/m. Determine z(r).
-7
Let v = 3 - 8. Let l(o) = -o - 3. Calculate l(v).
2
Suppose h = 5*h - 16. Suppose 2 + 22 = -h*y. Let t(u) = -u - 12. Determine t(y).
-6
Suppose 5*q + 14 = 4, 26 = 4*o + 5*q. Let g(d) = o - 5 + 2*d + 1. Give g(-6).
-7
Let z(n) = n**3 + 6*n**2 + 3*n. Let d = 14 + -19. Let o be (-1 - 2)*(-3 - d). What is z(o)?
-18
Suppose 4*b - 8*k + 3*k = 0, 0 = k. Let m(p) = -1 + 3*p**2 - 4*p**2 + b*p**2. Suppose -11 = 4*c + 1. Calculate m(c).
-10
Let k = 15 + -13. Let n be (-18)/4*2/(-3). Let w(p) = -n*p**k + p + 5*p - 5*p + 2. Give w(2).
-8
Let k(y) = y**3 + y**2 - 3*y + 2. Let w(s) = -2*s**2 - 23*s + 41. Let b be w(-13). Give k(b).
8
Let n(u) = -u**3 - 7*u**2 - 7*u - 6. Let m(y) = 2*y**3 + 20*y**2 + 20*y + 17. Let i(p) = -6*m(p) - 17*n(p). Calculate i(-1).
-5
Let n(i) be the first derivative of -3*i - 7/2*i**2 - 1/3*i**3 + 2. Determine n(-6).
3
Let f(o) = o - 3. Let g(q) be the second derivative of -q**3/2 + 3*q**2 + 4*q. Let w(l) = 5*f(l) + 2*g(l). What is w(-6)?
3
Suppose 2*x - 5*k = 4, 0 = 4*k - k. Let h(r) = 3*r**3 + 4*r**2 + 9*r - 16. Let q(d) = -d**3 - d**2 - 3*d + 5. Let u(o) = -2*h(o) - 7*q(o). What is u(x)?
7
Let x(h) be the first derivative of -3*h**2 + 1 + 2*h**2 - 3. Determine x(3).
-6
Let a(d) = -d**2 + 7*d + 4. Let u(h) = h**3 - 7*h**2 + 8*h - 5. Let o = -14 + 20. Let n be u(o). What is a(n)?
4
Let c(b) = -b**3 - 2*b**2 + 4*b - 2. Let k = 2 + -6. Give c(k).
14
Let q(s) = -8*s**2 + s + 1. Let r be -2 + (-2 - -3)*1. Determine q(r).
-8
Let g(o) = 2*o + 5. Let i(k) = -6*k**2 - k. Let c = 1 + 0. Let l be i(c). What is g(l)?
-9
Let f(t) = 2*t - 4*t**2 - 3*t + 13*t**2. Let g(p) = -p - 6. Suppose 0 = 5*s + 12 + 13. Let b be g(s). What is f(b)?
10
Let n = 8 - -2. Let w(d) = -2*d + d + 7*d - n*d. Determine w(-4).
16
Let u(w) = -3*w + w**3 + 4*w**2 + 6 - 4 - 1. Let a be 55/15 - (-2)/(-3). Suppose -2*x - 13 + a = 0. Give u(x).
-9
Let u(s) = -s + 3. Let g = -2 - -3. Suppose -g = r - 6. Let h be u(r). Let a(j) = j**3 + 3*j**2 - j. Give a(h).
6
Let r(i) be the second derivative of -i**4/12 + 2*i**3/3 - i**2/2 + 41*i. Calculate r(4).
-1
Let m(l) = -5*l + 7 + 3*l**2 - 3 + 4*l**2. Let j(h) = -13*h**2 + 9*h - 7. Let b(c) = 6*j(c) + 11*m(c). Suppose 0 = -2*r + 5*r + 9. Give b(r).
-4
Let m(r) = -r**3 - 6*r**2 - 3*r + 2. Suppose 3*y = -4*u - 31, -3*y + 5 = 5*u - 8*y. Calculate m(u).
-18
Let z(v) = -6*v + 2. Let g be (-36)/(-20) + 4/20. Determine z(g).
-10
Let n(s) = s. Let t be n(7). Suppose -y - 18 = 2*c, -2*y = 3*c - 0*y + 25. Let w = c + t. Let j(b) = -b**3 - 3*b**2 + 4*b + 3. Calculate j(w).
3
Let b = 3 + 2. Suppose b*d - 27 = -t, 7*d - 2*t = 2*d + 21. Let k(f) = -f**2 + 4*f + 2 - 2. Determine k(d).
-5
Let s(l) be the first derivative of 0*l**4 + 4 + 0*l + 1/30*l**5 + 1/2*l**2 + 0*l**3. Let i(x) be the second derivative of s(x). Give i(2).
8
Let r(p) be the first derivative of 3*p + 3*p**2 - 1 - 1/3*p**3. Determine r(6).
3
Let j(w) = w**3 - 3. Let p be (-12)/(-4) - (0 - 2). Suppose s = -p*s. Calculate j(s).
-3
Let s = -6 + 3. Let v(c) be the first derivative of -4/3*c**3 - 4*c - 5/2*c**2 - 1/4*c**4 + 2. What is v(s)?
2
Let l(z) be the third derivative of -z**6/120 + z**5/60 + z**4/24 + z**3/2 - 3*z**2. Let s(i) = -i**2 + 8*i. Let d be s(8). Calculate l(d).
3
Let q(s) = s**3 + 4*s**2 + 2*s + 2. Suppose 2*t + 12 = -t. Let x be 10/(-1)*t/10. Suppose 2*z = -0 - x. Give q(z).
6
Let h be (-45)/(-20) - 1/4. Let p(z) = 8*z**2 - 4*z**2 + 4 + z**h - z**3 + 2*z. Give p(5).
14
Suppose -y = 4*b - 3*y - 20, -5*y = 3*b + 11. Suppose 5*z - b = 2. Let l(i) = 3*i. Give l(z).
3
Let y(o) = 9*o**2 + 3*o - 7. Let h(a) = 4*a**2 + 2*a - 4. Let v(w) = 2*w - 1. Let m be v(-1). Let q(n) = m*y(n) + 5*h(n). Give q(-1).
-7
Suppose 4*c - 15 = -c. Let m(d) = -d**2 + 4*d - 1. What is m(c)?
2
Suppose -5*i - 10 = 10. Let f(s) = s + 3. What is f(i)?
-1
Let h(b) = -b**3 + 8*b**2 - 7*b + 2. Let a(g) = g**2 - 3*g - 3. Let d be a(-2). Determine h(d).
2
Let u(y) = y**3 + 10*y**2 + 11*y + 11. Let r be u(-9). Let f(z) = -z - 2. Calculate f(r).
5
Let k be -1*1 + (-8)/(-4). Suppose -4*m = -13 + k. Suppose 0 = m*x + 11 - 2. Let b(w) = -w**3 - 5*w**2 - 5*w - 3. Determine b(x).
-6
Let h(w) = -w + 3 + 5*w - 4. Let b be (-64)/10 + 4/10. Let d = b - -5. What is h(d)?
-5
Let g(i) = -i**2 - 2*i - 3. Let s be g(-4). Let n = -13 - s. Let z(q) = q + 1. Calculate z(n).
-1
Let r(z) = 2*z + 2. Let g = -9 - -3. Let x = g - -17. Let s be x/(-3) - 1/3. Calculate r(s).
-6
Let z(p) = p + 5. Suppose 4*w + 8 = 2*l, -l - 4*l + 5*w = 0. Calculate z(l).
1
Let l(s) = -s**2 - s - 7. Let k be 0 + 3 + 3/(-1). What is l(k)?
-7
Let p(d) = -3 + d**2 + 3 + 3 - d**3 + d. Suppose -u - u = 2*g - 10, -12 = -3*u - 4*g. Suppose -3*j - 4 = 5*x + 8, 2*x = -2*j - u. Give p(x).
3
Let a(s) be the second derivative of -s**4/12 + s**3 - s**2 + s. Suppose -5*i + 4*i + 27 = 3*g, -i + 11 = -g. Let n = i - 11. What is a(n)?
6
Let u(a) = 3*a**2 - 1. Let m(w) be the second derivative of w**5/20 - w**4/3 + w**3/2 + w**2/2 + 3*w. Let j be m(3). Calculate u(j).
2
Let f = 0 - 2. Let k be f/(-5) - (-21)/(-15). Let h(y) = -7*y. Calculate h(k).
7
Let y(n) = n**2 + 4*n - 3. Let l = -9 - -5. Let v be -6 - (-2 - -6)/l. Determine y(v).
2
Let u = 5 - -1. Suppose -3*t = -5*t - u. Let k(p) = 3*p - 2*p - 2*p - 5 + 0. What is k(t)?
-2
Let a(t) = -t**2 + 6*t + 1. Suppose 0 = -3*n + 4*c + 16, -3*n - c + 5 + 6 = 0. Calculate a(n).
9
Let q(k) be the third derivative of k**4/12 + k**3/6 + 12*k**2. Suppose 5 = -2*u + 1. Let i = -4 - u. What is q(i)?
-3
Suppose 0 = -v + 6 - 11. Let w(r) = -r**3 - 5*r**2 - r - 7. Give w(v).
-2
Let j(r) = -r**3 - 5*r**2 - 2*r + 1. Let c(u) = 2*u - 3. Let t be c(0). Give j(t).
-11
Let u(y) = -y**3 + y + 6. Let k be u(0). Let a be ((-4)/k)/(5/(-30)). Let s(g) = g + 1. Give s(a).
5
Let u be 3/2*(-12)/(-9). Let x(w) be the third derivative of w**5/30 + w**3/6 - 3*w**2. Calculate x(u).
9
Let h be 30/5 + -3 + 1. Suppose -3*m + 2*m = y, 0 = -h*m - 3*y. Let j(r) = -6*r + 8. Let w(f) = f. Let s(k) = j(k) + 5*w(k). Give s(m).
8
Let h(u) be the third derivative of -u**4/4 + u**3/3 - 8*u**2. Calculate h(2).
-10
Let w = 133 + -129. Let i(v) be the first derivative of -1/2*v**2 - w*v + 1. Calculate i(5).
-9
Let x(q) = -q**2 + 6*q - 6. Let f(l) = -6*l**3 - l**2 + l - 4. Let a(n) = -7*n**3 - 2*n**2 - 5. Let s(u) = -5*a(u) + 6*f(u). Let w be s(5). Give x(w).
-6
Let o(s) = -8*s - 4. Let i be 12/(-10)*(-4 + -1). Let l(u) = u - 2*u - 3 - 16*u - 6. Let j(c) = i*l(c) - 13*o(c). Determine j(-2).
-6
Let o(v) = -v + 4. Let a be (21/7)/(1 + (0 - 0)). Give o(a).
1
Let x(j) = j**2 - 7*j + 6. Let d = 20 + -14. Suppose -d*p + p = -25. Suppose -20 = -3*i - p. Give x(i).
-4
Suppose 4*u = 2*u. Let m(q) = 2 - q - q + 1 + u. Calculate m(4).
-5
Let y = -8 + 2. Let b(r) = -r**2 - 8*r - 12. Let k(i) = -i**2 - 7*i - 8. Let s(m) = 4*b(m) - 5*k(m). Determine s(y).
10
Let l(a) = 12*a - 18*a + 4*a + 3*a. Calculate l(8).
8
Let b(x) be the third derivative of x**6/120 - x**5/15 + 5*x**4/24 - x**3/2 + 4*x**2. Calculate b(3).
3
Suppose 0 = 5*v + 4*q - 10, -3 - 3 = -3*v - 3*q. Let m(w) = v*w - 7 - 4*w + 4*w**2 + 2*w - w**3 + 7*w. Give m(5).
3
Let k(y) = 2*y**3 + y**2 - 4*y - 3. Let b be (21/(-6) + 3)*-4. Suppose b = -3*v - 4. Calculate k(v).
-7
Let y(a) be the first derivative of a**4/4 - 7*a**3/3 + 3*a**2 - 5*a + 1. Let l = 99 - 93. What is y(l)?
-5
Let j(t) be the third derivative of -t**5/60 + 3*t**4/8 - 4*t**3/3 + 24*t**2. What is j(8)?
0
Let f = -2 - 1. Let u(z) be the third derivative of 1/12*z**4 + 0*z + 1/2*z**3 + 2*z**2 + 0. Calculate u(f).
-3
Let s(a) be the second derivative of -a**4/12 - 5*a**3/6 + 2*a. Let w = 7 + -5. Suppose -w*q = 3*v + 8, 10*v = 5*v + q - 22. Determine s(v).
4
Let s(z) = 47*z**3 + z + z**2 - 3*z**2 + z - 1 - 48*z**3. What is s(-3)?
2
Let k be -3 + -1 